*f - 1. Let m be t(5). Suppose 1 = 4*r - a, -r = 4*a - 0*a + m. Suppose 2*k - 36 + 6 = r. What is the units digit of k?
5
Let l = -11 - -13. Suppose 2*g = l*r + 54, -2*g = -r + 6*r - 75. What is the tens digit of g?
3
Let w = -4 + 8. Suppose -3*j = j + 16, w*g - 2*j = 20. Suppose -3*i - g*p = -12, 4*p - 2*p = -3*i + 11. What is the units digit of i?
3
Let h = -9 - -17. Let j(q) = -q**2 - 2 - 9*q - q**2 + h*q - 2*q**3. What is the units digit of j(-2)?
8
Let s = -83 - -25. Suppose y + 8 = -y. What is the units digit of (-7)/14 + s/y?
4
Let s = 189 - 73. What is the tens digit of s?
1
Let d(i) = i**2 - i + 1. Let k(g) be the first derivative of 7*g**3/3 - 8*g**2 + 14*g + 1. Let h(o) = -6*d(o) + k(o). What is the units digit of h(10)?
8
Let o = 77 + -37. Suppose -o = -5*m - 2*s, 5*m + 4*s = 4 + 46. Suppose n - m = 1. What is the units digit of n?
7
Let r(m) = 5*m**3 - 3*m**2 + 3*m - 1. Suppose 4*u + 8 = 8*u. What is the tens digit of r(u)?
3
Let q = 3 + 8. Let t = 28 - q. What is the units digit of t?
7
Let s(q) = 5*q**2 - 1. Let i be s(-1). Let g(v) = v**3 - 4*v**2 + 4*v - 2. What is the units digit of g(i)?
4
Let g = -6 - -8. What is the units digit of g/5 - 208/(-5)?
2
Suppose 3*x = -5*i + 2*x + 36, 2*i - 3*x - 28 = 0. Suppose 5*b + 5 = 0, 4*n - b + 75 = i*n. What is the units digit of n?
9
Let t(z) = 4*z - 1. Let f(r) = -5*r + 1. Let o(w) = 5*f(w) + 4*t(w). What is the units digit of o(-1)?
0
Let g = 12 - 16. What is the units digit of (-1 - (-3 - 3)) + g?
1
Let y(d) = 6*d**3 - 2*d**2 + 2*d - 6. What is the tens digit of y(2)?
3
Let b(t) = t**2 - 5*t + 2. Let w be b(5). Let l be -2 + 36/w + 1. Suppose 0 = -2*y + l - 1. What is the units digit of y?
8
Let h = -306 - -488. What is the units digit of h?
2
Suppose -3*i + s - 2 = 0, 3*s - 10 - 8 = -3*i. Let w(q) = 3*q**2 - q + 1. Let d be w(i). Suppose -7 - 8 = -d*y. What is the units digit of y?
5
Let z = -6 + 11. Let a = z + 28. What is the tens digit of a?
3
Let b(r) = r**2 - 4. Let d be b(-4). Suppose 2*g - 44 - d = -3*k, k = 4*g - 98. What is the units digit of g?
5
Let l(y) = y**2 - y + 1. Let h be l(0). Let f(n) = 3*n**2. What is the units digit of f(h)?
3
Suppose 3*g - 38 = 28. What is the units digit of g?
2
Suppose -7 + 3 = -2*h. Suppose 4*g - 123 = -h*a + a, -2*g = -2*a - 74. What is the tens digit of g?
3
Let i(t) = -t + 15. What is the units digit of i(7)?
8
Let w = 6 + 9. Let o = 25 - w. What is the tens digit of o?
1
Let q(i) = i + 2. Let g(r) be the second derivative of r**3/6 + r**2/2 + 2*r. Let d(j) = -3*g(j) + 2*q(j). What is the units digit of d(-9)?
0
Suppose -3*l + 17 = -2*h + 3*h, -2*l + 5*h = -17. Suppose -w = -l*w + 65. What is the units digit of w?
3
Suppose 0 = -s - 4*r - 4, 5*r = -5*s - 0*r - 5. What is the units digit of 162/9 - (3 + s)?
5
Let f be 34/(-8) - (-5)/20. Let m(h) = -3*h + 1. What is the tens digit of m(f)?
1
Suppose x = -4*u + 21, -9*u - 2*x + 27 = -4*u. Let h = -15 + 19. Suppose -1 = h*m - u. What is the units digit of m?
1
Let q(l) = l - 3. Let s be q(1). What is the tens digit of s + -5*(-6 + -1)?
3
Let v(r) = r**2 + 2*r - 3. Let m be v(2). Suppose m*w + 12 = 5*a + 62, 0 = 3*w + a - 22. What is the units digit of w?
8
Let x = -10 + 17. Suppose 2*n - x = -s + 8, -4*s + 15 = -n. What is the units digit of n?
5
Let q(z) = z**2 - 1. What is the units digit of q(-2)?
3
Let p(m) = -m + 18. What is the units digit of p(0)?
8
Let s(n) = -n**3 + 8*n**2 - 7*n + 9. Let h be s(7). Let q(u) = u - 7. What is the units digit of q(h)?
2
Let g(a) be the first derivative of -a**4/4 + 10*a**3/3 + a**2/2 - 3*a - 4. What is the units digit of g(10)?
7
Let t be (6/(-4))/((-2)/(-12)). Let y = t + 27. What is the units digit of y?
8
Let r = 77 + -33. What is the units digit of r?
4
What is the tens digit of (10*(-9)/(-45))/((-2)/(-169))?
6
Let u(q) = 3*q - 1. Let g be u(3). Let r = 14 - g. What is the units digit of r?
6
Suppose 3*o + 4 = -2*c + 20, 18 = -o + 4*c. Suppose 3*g - 17 = 3*u - 44, -u = o*g - 12. What is the tens digit of u?
1
Let p(s) = 13*s**2 - 3*s + 2. What is the tens digit of p(-2)?
6
What is the tens digit of (0 + 32)*(4 + 0)?
2
Let m = 17 + -7. Let k = m + -8. Suppose 2*p = 5*q - k*q - 10, 4*q = 3*p + 13. What is the units digit of p?
1
Let c be ((-15)/(-12))/((-1)/4). Let a be 0/2 - -1 - c. Let b = a - 3. What is the units digit of b?
3
Let d(r) = 8*r**3 - r - 1. Let y be d(2). Let k = -32 + y. What is the units digit of k?
9
Suppose 2*r + 2*k - 7*k - 11 = 0, -2*r = 5*k - 41. Let p(z) = z**3 - 8*z**2 + 6*z + 3. Let t be p(7). Let a = r - t. What is the tens digit of a?
1
Suppose 0 = 2*i - 0 - 4. Suppose 0 = i*w - 4*k - 30, 4*w = -0*k - 5*k - 5. What is the units digit of w?
5
Let c be 2 + ((-2)/1 - -2). Suppose 2*q + 32 = 6*q + k, 3*k = c*q - 30. What is the units digit of q?
9
Suppose 3*u - 14 = 10. Let r be 3*5/(30/u). Suppose -4*h = -5*p + 28, -4*h = r*p - 2*h - 12. What is the units digit of p?
4
What is the tens digit of 35 - (-8)/(-20)*5?
3
Suppose 5*y = -2*o - 88 + 340, -5*o = y - 32. What is the tens digit of y?
5
Suppose 0 = 5*u - 78 + 8. What is the tens digit of u?
1
Let d = -355 + 552. What is the hundreds digit of d?
1
Suppose -7*z + 3*z - 2*f = -176, -f - 234 = -5*z. What is the tens digit of z?
4
Suppose -l + t = -3*t - 34, 4*l + t = 51. What is the units digit of l?
4
Let b be 1/5 + (-24)/(-5). Suppose 2*k + 2*k = -y + 86, 5*y = b*k - 120. What is the units digit of k?
2
Let i = 4 + -2. Suppose z = u + 2*z - 23, -4*z = -i*u + 28. What is the tens digit of u?
2
Let b = -49 + 53. What is the units digit of b?
4
Let z = 22 - -14. What is the units digit of z?
6
Let b = 6 + 2. Let c = 17 - b. What is the units digit of 15/c*3/1?
5
Let v(m) = -m**3 - 6*m**2 - 4*m. Let z be v(-4). Let l = 22 + z. What is the units digit of l?
6
Suppose -95 = -4*k + 69. Let o = 2 + k. What is the units digit of o?
3
Let j = 10 - 8. Let m = j + -1. What is the units digit of m?
1
Let u be 1/(-3)*(-14 - -41). What is the tens digit of (-375)/u - (-8)/(-12)?
4
Let z = -37 - -16. Let b = z - -37. What is the tens digit of b?
1
Suppose v + v = 10. What is the units digit of (-1 - (2 - v))/2?
1
Suppose 101 = 3*o + 5. What is the tens digit of o?
3
Let g = -9 - -11. Suppose -2*w + 30 = -0*w + g*s, 4*w - 60 = -5*s. What is the units digit of w?
5
Let w = -3 - -3. Suppose w = -3*d + 2*d + 8. What is the units digit of d?
8
Let k = 9 + -3. Suppose 3*m + 3*x - k = 0, x = -5*m + 3*m - 1. Let l(v) = -3*v - 3. What is the units digit of l(m)?
6
Let o(k) = 10*k + 4. What is the tens digit of o(4)?
4
Suppose -4*s + 52 = 4*p, 0 = 2*s + 1 + 1. What is the units digit of p?
4
Suppose b + 3*b - 26 = -5*w, -4*w = -4*b + 8. What is the units digit of b?
4
Suppose -14 = -4*x + 30. What is the tens digit of x?
1
Let b be (12/(-21))/((-8)/28). Suppose 0 = -b*a + 7 + 25. What is the units digit of a?
6
Let v(h) = -3*h**2 + 7*h + 11 - 11 - h**3 + 6. What is the tens digit of v(-5)?
2
Let r(c) = -3*c - 6. Suppose 4*p = 3*p - 3. What is the units digit of r(p)?
3
What is the units digit of 207/6*18/9?
9
Suppose -46 + 2006 = 7*h. What is the hundreds digit of h?
2
Let i = 16 + -6. What is the tens digit of i?
1
Let i(y) = 2*y**3 - 4*y**2 + 3*y - 2. What is the tens digit of i(3)?
2
Suppose -3*n = -5*n - 16. Let z(w) = w. Let k(i) = 1. Let a(r) = -3*k(r) - z(r). What is the units digit of a(n)?
5
Suppose -y = -0*y - 2. What is the units digit of y?
2
Let z(x) = -1 - 4 + 4 - 3*x**2 + 3 - x**3. Let k be z(-2). What is the units digit of (4 + -5)*28/k?
4
Let a = 3 - -288. What is the units digit of a?
1
Let k be (4 - 1)/((-6)/(-8)). Suppose -4*g = g - n - 67, -k*g - 3*n + 65 = 0. Let w = g - -2. What is the units digit of w?
6
Let w(n) = n**2 + 4*n - 1. Let s be w(-5). Suppose 0 = -3*f + 3*v - 15, -f + 5 = -3*v + s*v. Suppose f*p + 2*p - 10 = 0. What is the units digit of p?
5
Suppose 17 = -a + 4*u + 4, 8 = 2*u. Suppose -2 = -a*o - 20. Let l = o - -7. What is the units digit of l?
1
Let t = -223 - -448. What is the hundreds digit of t?
2
Suppose -4*b = 5*y - 25, -b - y - 4 = -2*b. Let x(v) be the third derivative of v**5/60 - v**4/8 + v**3/6 + 17*v**2. What is the tens digit of x(b)?
1
Let k(n) = n**2 + n + 14. Let i be k(0). Suppose 8*h - 3*h - 10 = 0. What is the units digit of (24/14)/(h/i)